{"id":896,"date":"2021-12-01T15:28:37","date_gmt":"2021-12-01T15:28:37","guid":{"rendered":"https:\/\/www.bibliayteologiahoy.com\/?page_id=896"},"modified":"2023-02-16T10:06:00","modified_gmt":"2023-02-16T10:06:00","slug":"codigo-de-etica","status":"publish","type":"page","link":"https:\/\/www.bibliayteologiahoy.com\/?page_id=896","title":{"rendered":"C\u00f3digo de \u00e9tica"},"content":{"rendered":"\n\n<!--themify_builder_static--><h2>C\u00f3digo de \u00e9tica <br\/>y directrices para postulantes:<\/h2>\n<ul> <li style=\"font-weight: 400;\" aria-level=\"1\">Los trabajos deben presentarse siguiendo las <a href=\"https:\/\/www.bibliayteologiahoy.com\/?page_id=352\" target=\"_blank\" rel=\"noopener\">Normas de publicaci\u00f3n y Manual de estilo<\/a>, en un archivo de Microsoft Word al correo electr\u00f3nico info@bibliayteologiahoy.com<\/li> <li style=\"font-weight: 400;\" aria-level=\"1\">Los trabajos presentados en la revista Biblia y Teolog\u00eda Hoy, revista teol\u00f3gica Iberoamericana (BYTH) deber\u00e1n ser in\u00e9ditos y originales. El autor(es) deber\u00e1 entregar una <a href=\"https:\/\/www.bibliayteologiahoy.com\/wp-content\/uploads\/2021\/12\/declaracion_de_originalidad.doc\" target=\"_blank\" rel=\"noopener\">declaraci\u00f3n de originalidad<\/a> que lo haga constar.<\/li> <li style=\"font-weight: 400;\" aria-level=\"1\">BYTH recibe colaboraciones de alumnos de posgrado, profesores e investigadores. No recibe colaboraciones de estudiantes de licenciatura ni de pasantes. Quienes env\u00edan art\u00edculos para publicaci\u00f3n deben indicar, en hoja aparte, la instituci\u00f3n en la que estudian o prestan sus servicios y su direcci\u00f3n electr\u00f3nica.<\/li> <li style=\"font-weight: 400;\" aria-level=\"1\">En caso de que el autor descubra que por equivocaci\u00f3n incurri\u00f3 en alg\u00fan error en su trabajo por publicar o ya publicado, debe notificar de inmediato al Consejo Editorial de BYTH para que se pueda corregir o emitir una errata.<\/li> <li style=\"font-weight: 400;\" aria-level=\"1\">Cuando la investigaci\u00f3n realizada para la escritura del art\u00edculo o el manuscrito en s\u00ed mismo haya recibido apoyo financiero o de otro orden, \u00e9ste deber\u00e1 ser indicado de manera expl\u00edcita en el texto presentado.<\/li> <li style=\"font-weight: 400;\" aria-level=\"1\">No existen costos de procesamiento para el env\u00edo ni para la publicaci\u00f3n de art\u00edculos. Los autores conservan el copyright de sus art\u00edculos. En caso de que los art\u00edculos sean utilizados en otra publicaci\u00f3n, es necesario darle el cr\u00e9dito a\u00a0Biblia y Teolog\u00eda Hoy, revista teol\u00f3gica Iberoamericana<\/li> <li style=\"font-weight: 400;\" aria-level=\"1\"><b>Evaluaci\u00f3n<\/b>. Toda colaboraci\u00f3n recibida ser\u00e1 sometida al m\u00e9todo de revisi\u00f3n por pares. La revista utiliza doble ciego. Tanto el nombre del autor como el de los dictaminadores permanecer\u00e1 en el anonimato. El tiempo promedio para dar respuesta sobre la publicaci\u00f3n o no de los art\u00edculos es de tres a cuatro meses. Sin importar los resultados del dictamen, el autor recibir\u00e1 por escrito las observaciones de los dictaminadores. En caso de ser\u00a0<i>publicable con sugerencias<\/i>, el autor tendr\u00e1 libertad de tomar o no en cuenta dichas recomendaciones. De ser\u00a0<i>publicable con correcciones necesarias<\/i>, la aceptaci\u00f3n del art\u00edculo estar\u00e1 sujeta a los cambios especificados. Si el dictamen es negativo, el art\u00edculo no podr\u00e1 ser publicado. Basta con que uno de los dict\u00e1menes sea negativo para que el art\u00edculo no pueda ser publicado.\u00a0<\/li> <\/ul>\n<h2>Cont\u00e1ctanos<\/h2> \n <p>Si tiene alguna duda no dude en contactar con nosotros mediante este formulario.<\/p> \n <form action=\"https:\/\/www.bibliayteologiahoy.com\/wp-admin\/admin-ajax.php\" class=\"builder-contact\" id=\"tb_pawz711-form\" method=\"post\" data-post-id=\"877\" data-element-id=\"pawz711\" data-orig-id=\"877\" > <label for=\"tb_pawz711-contact-name\">Nombre *<\/label> <input type=\"text\" name=\"contact-name\" placeholder=\"\" id=\"tb_pawz711-contact-name\" value=\"\" required> <label for=\"tb_pawz711-contact-email\">Email *<\/label> <input type=\"text\" name=\"contact-email\" placeholder=\"\" id=\"tb_pawz711-contact-email\" value=\"\" required> <label for=\"tb_pawz711-contact-subject\">tema *<\/label> <input type=\"text\" name=\"contact-subject\" placeholder=\"\" id=\"tb_pawz711-contact-subject\" value=\"\" required> <label for=\"tb_pawz711-contact-message\">Mensaje <\/label> <textarea name=\"contact-message\" placeholder=\"\" id=\"tb_pawz711-contact-message\"><\/textarea> <button type=\"submit\">enviar<\/button> <\/form>\n \n \n <h2><b>Newsletter<\/b><\/h2> \n <p>Suscr\u00edbase a nuestro bolet\u00edn informativo gratuito para recibir noticias sobre nuestra publicaci\u00f3n.<\/p> \n <form id=\"sib_signup_form_2\" method=\"post\"> <img decoding=\"async\" src=\"https:\/\/www.bibliayteologiahoy.com\/wp-includes\/images\/spinner.gif\" alt=\"loader\"> <input type=\"hidden\" name=\"sib_form_action\" value=\"subscribe_form_submit\"> <input type=\"hidden\" name=\"sib_form_id\" value=\"2\"> <input type=\"hidden\" name=\"sib_form_alert_notice\" value=\"Por favor llene este campo\"> <input type=\"hidden\" name=\"sib_security\" value=\"17f206f26a\"> <p> \n <label>Nombre*<\/label> \n <p><input type=\"text\" name=\"NOMBRE\" required=\"required\"> \n<\/p>\n<p> \n <label>Apellido*<\/label> \n <p><input type=\"text\" name=\"APELLIDO\" required=\"required\"> \n<\/p>\n<p> \n <label>Correo electr\u00f3nico*<\/label> \n <p><input type=\"email\" name=\"email\" placeholder=\"\" value=\"\" required=\"required\"> \n<\/p>\n<p> \n <label>Pa\u00eds*<\/label> \n <p><input type=\"text\" name=\"PAIS\" required=\"required\"> \n<\/p>\n<p> \n <label>Ciudad<\/label> \n <p><input type=\"text\" name=\"CITY\"> \n<\/p>\n<p> \n <p><input type=\"submit\" name=\"submit\" value=\"Suscribirse\"> \n<\/p>\n <\/form><!--\/themify_builder_static-->","protected":false},"excerpt":{"rendered":"<p>C\u00f3digo de \u00e9tica y directrices para postulantes: Los trabajos deben presentarse siguiendo las Normas de publicaci\u00f3n y Manual de estilo, en un archivo de Microsoft Word al correo electr\u00f3nico info@bibliayteologiahoy.com Los trabajos presentados en la revista Biblia y Teolog\u00eda Hoy, revista teol\u00f3gica Iberoamericana (BYTH) deber\u00e1n ser in\u00e9ditos y originales. El autor(es) deber\u00e1 entregar una declaraci\u00f3n [&hellip;]<\/p>\n","protected":false},"author":757,"featured_media":0,"parent":0,"menu_order":0,"comment_status":"closed","ping_status":"closed","template":"","meta":{"footnotes":""},"class_list":["post-896","page","type-page","status-publish","hentry","has-post-title","has-post-date","has-post-category","has-post-tag","has-post-comment","has-post-author",""],"_links":{"self":[{"href":"https:\/\/www.bibliayteologiahoy.com\/index.php?rest_route=\/wp\/v2\/pages\/896","targetHints":{"allow":["GET"]}}],"collection":[{"href":"https:\/\/www.bibliayteologiahoy.com\/index.php?rest_route=\/wp\/v2\/pages"}],"about":[{"href":"https:\/\/www.bibliayteologiahoy.com\/index.php?rest_route=\/wp\/v2\/types\/page"}],"author":[{"embeddable":true,"href":"https:\/\/www.bibliayteologiahoy.com\/index.php?rest_route=\/wp\/v2\/users\/757"}],"replies":[{"embeddable":true,"href":"https:\/\/www.bibliayteologiahoy.com\/index.php?rest_route=%2Fwp%2Fv2%2Fcomments&post=896"}],"version-history":[{"count":11,"href":"https:\/\/www.bibliayteologiahoy.com\/index.php?rest_route=\/wp\/v2\/pages\/896\/revisions"}],"predecessor-version":[{"id":1411,"href":"https:\/\/www.bibliayteologiahoy.com\/index.php?rest_route=\/wp\/v2\/pages\/896\/revisions\/1411"}],"wp:attachment":[{"href":"https:\/\/www.bibliayteologiahoy.com\/index.php?rest_route=%2Fwp%2Fv2%2Fmedia&parent=896"}],"curies":[{"name":"wp","href":"https:\/\/api.w.org\/{rel}","templated":true}]}}