{"id":157,"date":"2016-08-03T13:03:41","date_gmt":"2016-08-03T13:03:41","guid":{"rendered":"https:\/\/themify.me\/demo\/themes\/ultra-agency\/?page_id=18"},"modified":"2026-04-10T10:03:59","modified_gmt":"2026-04-10T10:03:59","slug":"inicio","status":"publish","type":"page","link":"https:\/\/www.bibliayteologiahoy.com\/","title":{"rendered":"Inicio"},"content":{"rendered":"\n<!--themify_builder_static--><a href=\"https:\/\/www.bibliayteologiahoy.com\/?page_id=469\"> <img decoding=\"async\" src=\"https:\/\/www.bibliayteologiahoy.com\/wp-content\/uploads\/12_banner_2560.jpg\" title=\"12_banner_2560\" alt=\"12_banner_2560\" srcset=\"https:\/\/www.bibliayteologiahoy.com\/wp-content\/uploads\/12_banner_2560.jpg 2560w, https:\/\/www.bibliayteologiahoy.com\/wp-content\/uploads\/12_banner_2560-300x90.jpg 300w, https:\/\/www.bibliayteologiahoy.com\/wp-content\/uploads\/12_banner_2560-1024x306.jpg 1024w, https:\/\/www.bibliayteologiahoy.com\/wp-content\/uploads\/12_banner_2560-768x230.jpg 768w, https:\/\/www.bibliayteologiahoy.com\/wp-content\/uploads\/12_banner_2560-1536x460.jpg 1536w, https:\/\/www.bibliayteologiahoy.com\/wp-content\/uploads\/12_banner_2560-2048x613.jpg 2048w\" sizes=\"(max-width: 2560px) 100vw, 2560px\" \/> <\/a>\n<h2>Prop\u00f3sito<\/h2>\n<p><strong>Biblia y Teolog\u00eda Hoy<\/strong>,\u00a0<em>es la\u00a0revista teol\u00f3gica Iberoamericana<\/em>\u00a0que\u00a0nace con el prop\u00f3sito de servir de puente entre el mundo acad\u00e9mico cristiano y la Iglesia en toda Iberoam\u00e9rica, ofreci\u00e9ndose como una plataforma donde acad\u00e9micos, docentes y egresados de nuestras escuelas puedan publicar art\u00edculos de alto nivel investigativo y tambi\u00e9n recurrir a la misma para sus investigaciones y estudios.<br \/><br \/><\/p>\n<a href=\"https:\/\/www.bibliayteologiahoy.com\/?page_id=837\" > CONOCER M\u00c1S <\/a>\n<img loading=\"lazy\" decoding=\"async\" src=\"https:\/\/www.bibliayteologiahoy.com\/wp-content\/uploads\/BTYH-frame--1024x955-500x466.jpg\" width=\"500\" height=\"466\" title=\"BTYH-frame-\" alt=\"BTYH-frame-\" srcset=\"https:\/\/www.bibliayteologiahoy.com\/wp-content\/uploads\/BTYH-frame--1024x955-500x466.jpg 500w, https:\/\/www.bibliayteologiahoy.com\/wp-content\/uploads\/BTYH-frame--300x280.jpg 300w, https:\/\/www.bibliayteologiahoy.com\/wp-content\/uploads\/BTYH-frame--1024x955.jpg 1024w, https:\/\/www.bibliayteologiahoy.com\/wp-content\/uploads\/BTYH-frame--768x716.jpg 768w, https:\/\/www.bibliayteologiahoy.com\/wp-content\/uploads\/BTYH-frame-.jpg 1326w\" sizes=\"auto, (max-width: 500px) 100vw, 500px\" \/>\n<h3> Biblia y Teolog\u00eda Hoy <\/h3>\n<a href=\"https:\/\/www.bibliayteologiahoy.com\/?page_id=469\" > Suscripciones <\/a>\n<h3>Nuestros patrocinadores:<br\/><\/h3>\n<a href=\"https:\/\/www.clie.es\" rel=\"noopener\" target=\"_blank\"> <img decoding=\"async\" src=\"https:\/\/www.bibliayteologiahoy.com\/wp-content\/uploads\/logo_editorial_clie.png\" title=\"logo_editorial_clie\" alt=\"logo_editorial_clie\" srcset=\"https:\/\/www.bibliayteologiahoy.com\/wp-content\/uploads\/logo_editorial_clie.png 400w, https:\/\/www.bibliayteologiahoy.com\/wp-content\/uploads\/logo_editorial_clie-300x300.png 300w, https:\/\/www.bibliayteologiahoy.com\/wp-content\/uploads\/logo_editorial_clie-150x150.png 150w\" sizes=\"(max-width: 400px) 100vw, 400px\" \/> <\/a>\n<a href=\"https:\/\/www.sociedadbiblica.org\" rel=\"noopener\" target=\"_blank\"> <img decoding=\"async\" src=\"https:\/\/www.bibliayteologiahoy.com\/wp-content\/uploads\/2021\/11\/SB.jpg\" title=\"SB\" alt=\"SB\" srcset=\"https:\/\/www.bibliayteologiahoy.com\/wp-content\/uploads\/2021\/11\/SB.jpg 500w, https:\/\/www.bibliayteologiahoy.com\/wp-content\/uploads\/2021\/11\/SB-300x300.jpg 300w, https:\/\/www.bibliayteologiahoy.com\/wp-content\/uploads\/2021\/11\/SB-150x150.jpg 150w\" sizes=\"(max-width: 500px) 100vw, 500px\" \/> <\/a>\n<a href=\"https:\/\/tienda.papiro52.com\" rel=\"noopener\" target=\"_blank\"> <img decoding=\"async\" src=\"https:\/\/www.bibliayteologiahoy.com\/wp-content\/uploads\/2021\/11\/PAPS.jpg\" title=\"PAPS\" alt=\"PAPS\" srcset=\"https:\/\/www.bibliayteologiahoy.com\/wp-content\/uploads\/2021\/11\/PAPS.jpg 500w, https:\/\/www.bibliayteologiahoy.com\/wp-content\/uploads\/2021\/11\/PAPS-300x300.jpg 300w, https:\/\/www.bibliayteologiahoy.com\/wp-content\/uploads\/2021\/11\/PAPS-150x150.jpg 150w\" sizes=\"(max-width: 500px) 100vw, 500px\" \/> <\/a>\n<h3>\u00bfQui\u00e9nes somos?<br\/>Comit\u00e9 editorial y coordinaci\u00f3n.<\/h3>\n<img loading=\"lazy\" decoding=\"async\" src=\"https:\/\/www.bibliayteologiahoy.com\/wp-content\/uploads\/2021\/11\/Raul-Zaldivar-150x150.jpg\" width=\"150\" height=\"150\" title=\"Ra\u00fal Zald\u00edvar\" alt=\"Director del Consejo Editorial de Biblia y Teolog\u00eda Hoy. Doctor en Derecho por la Universitat Aut\u00f2noma de Barcelona. Licenciado en Teolog\u00eda por el Seminario Teol\u00f3gico de Honduras de Tegucigalpa. Antiguo profesor de Teolog\u00eda Sistem\u00e1tica del Seminario Teol\u00f3gico de Tegucigalpa (Honduras). Presidente de Alef University\" srcset=\"https:\/\/www.bibliayteologiahoy.com\/wp-content\/uploads\/2021\/11\/Raul-Zaldivar-150x150.jpg 150w, https:\/\/www.bibliayteologiahoy.com\/wp-content\/uploads\/2021\/11\/Raul-Zaldivar.jpg 250w\" sizes=\"auto, (max-width: 150px) 100vw, 150px\" \/> <h3> Ra\u00fal Zald\u00edvar <\/h3> Director del Consejo Editorial de Biblia y Teolog\u00eda Hoy. Doctor en Derecho por la Universitat Aut\u00f2noma de Barcelona. Licenciado en Teolog\u00eda por el Seminario Teol\u00f3gico de Honduras de Tegucigalpa. Antiguo profesor de Teolog\u00eda Sistem\u00e1tica del Seminario Teol\u00f3gico de Tegucigalpa (Honduras). Presidente de Alef University\n<img loading=\"lazy\" decoding=\"async\" src=\"https:\/\/www.bibliayteologiahoy.com\/wp-content\/uploads\/2021\/11\/Samuel-Perez-Millos-150x150.jpg\" width=\"150\" height=\"150\" title=\"Samuel P\u00e9rez Millos\" alt=\"M\u00e1ster en Cristolog\u00eda y Espiritualidad Trinitaria por el Instituto B\u00edblico Evang\u00e9lico. Miembro de la Junta Rectora del Instituto B\u00edblico y Seminario Teol\u00f3gico de Espa\u00f1a (IBSTE) y profesor de Prolog\u00f3mena, Bibliolog\u00eda y Antropolog\u00eda. Autor de m\u00e1s de 50 libros de Teolog\u00eda y Ex\u00e9gesis. Autor del Comentario Exeg\u00e9tico al texto griego del Nuevo Testamento en 19 vol\u00famenes.\" srcset=\"https:\/\/www.bibliayteologiahoy.com\/wp-content\/uploads\/2021\/11\/Samuel-Perez-Millos-150x150.jpg 150w, https:\/\/www.bibliayteologiahoy.com\/wp-content\/uploads\/2021\/11\/Samuel-Perez-Millos.jpg 250w\" sizes=\"auto, (max-width: 150px) 100vw, 150px\" \/> <h3> Samuel P\u00e9rez Millos <\/h3> M\u00e1ster en Cristolog\u00eda y Espiritualidad Trinitaria por el Instituto B\u00edblico Evang\u00e9lico. Miembro de la Junta Rectora del Instituto B\u00edblico y Seminario Teol\u00f3gico de Espa\u00f1a (IBSTE) y profesor de Prolog\u00f3mena, Bibliolog\u00eda y Antropolog\u00eda. Autor de m\u00e1s de 50 libros de Teolog\u00eda y Ex\u00e9gesis. Autor del Comentario Exeg\u00e9tico al texto griego del Nuevo Testamento en 19 vol\u00famenes.\n<img loading=\"lazy\" decoding=\"async\" src=\"https:\/\/www.bibliayteologiahoy.com\/wp-content\/uploads\/2021\/11\/Miguel-Alvarez-150x150.jpg\" width=\"150\" height=\"150\" title=\"Miguel \u00c1lvarez\" alt=\"Doctor en Teolog\u00eda por el Oxford Centre for Mission Studies. M\u00e1ster en Divinidades por el Seminario Teol\u00f3gico de la Iglesia de Dios en Estados Unidos. Presidente y rector del Seminario B\u00edblico Pentecostal Centroamericano (SEBIPCA) Presidente de la Alianza de Educaci\u00f3n en Am\u00e9rica Latina (ALEAL).\" srcset=\"https:\/\/www.bibliayteologiahoy.com\/wp-content\/uploads\/2021\/11\/Miguel-Alvarez-150x150.jpg 150w, https:\/\/www.bibliayteologiahoy.com\/wp-content\/uploads\/2021\/11\/Miguel-Alvarez.jpg 250w\" sizes=\"auto, (max-width: 150px) 100vw, 150px\" \/> <h3> Miguel \u00c1lvarez <\/h3> Doctor en Teolog\u00eda por el Oxford Centre for Mission Studies. M\u00e1ster en Divinidades por el Seminario Teol\u00f3gico de la Iglesia de Dios en Estados Unidos. Presidente y rector del Seminario B\u00edblico Pentecostal Centroamericano (SEBIPCA) Presidente de la Alianza de Educaci\u00f3n en Am\u00e9rica Latina (ALEAL).\n<img loading=\"lazy\" decoding=\"async\" src=\"https:\/\/www.bibliayteologiahoy.com\/wp-content\/uploads\/2021\/11\/Alfonso-Ropero-150x150.jpg\" width=\"150\" height=\"150\" title=\"Alfonso Ropero\" alt=\"Doctor en Filosof\u00eda por St. Alcuin House University, Oxford Term. Inglaterra. St Anselm of Canterbury College; M\u00e1ster en Teolog\u00eda por el Centro Superior de Estudios Teol\u00f3gicos, CEIBI, Santa Cruz de Tenerife. Consultor de publicaciones de Editorial CLIE. Director del Departamento de Teolog\u00eda Dogm\u00e1tica de la Facultad Teol\u00f3gica Cristiana Reformada.\" srcset=\"https:\/\/www.bibliayteologiahoy.com\/wp-content\/uploads\/2021\/11\/Alfonso-Ropero-150x150.jpg 150w, https:\/\/www.bibliayteologiahoy.com\/wp-content\/uploads\/2021\/11\/Alfonso-Ropero.jpg 250w\" sizes=\"auto, (max-width: 150px) 100vw, 150px\" \/> <h3> Alfonso Ropero <\/h3> Doctor en Filosof\u00eda por St. Alcuin House University, Oxford Term. Inglaterra. St Anselm of Canterbury College; M\u00e1ster en Teolog\u00eda por el Centro Superior de Estudios Teol\u00f3gicos, CEIBI, Santa Cruz de Tenerife. Consultor de publicaciones de Editorial CLIE. Director del Departamento de Teolog\u00eda Dogm\u00e1tica de la Facultad Teol\u00f3gica Cristiana Reformada.\n<img loading=\"lazy\" decoding=\"async\" src=\"https:\/\/www.bibliayteologiahoy.com\/wp-content\/uploads\/2021\/11\/Eliseo-Casal2-150x150.jpg\" width=\"150\" height=\"150\" title=\"Eliseo Casal\" alt=\"M\u00e1ster en Biblia y Teolog\u00eda por la Facultat de Teologia de Catalunya. Rector de Escrituras Online. Presidente de la Asociaci\u00f3n de Seminarios e Institutos B\u00edblicos de las Asambleas de Hermanos (ASIB). Decano del Seminario Evang\u00e9lico B\u00edblico Teol\u00f3gico Iberoamericano (SEBTI). Presidente de la Coordinadora de Asambleas de Hermanos en Catalu\u00f1a. Coordinador de la divisi\u00f3n iberoamericana del International Brethren Conference of Mission (IBCM).\" srcset=\"https:\/\/www.bibliayteologiahoy.com\/wp-content\/uploads\/2021\/11\/Eliseo-Casal2-150x150.jpg 150w, https:\/\/www.bibliayteologiahoy.com\/wp-content\/uploads\/2021\/11\/Eliseo-Casal2.jpg 250w\" sizes=\"auto, (max-width: 150px) 100vw, 150px\" \/> <h3> Eliseo Casal <\/h3> M\u00e1ster en Biblia y Teolog\u00eda por la Facultat de Teologia de Catalunya. Rector de Escrituras Online. Presidente de la Asociaci\u00f3n de Seminarios e Institutos B\u00edblicos de las Asambleas de Hermanos (ASIB). Decano del Seminario Evang\u00e9lico B\u00edblico Teol\u00f3gico Iberoamericano (SEBTI). Presidente de la Coordinadora de Asambleas de Hermanos en Catalu\u00f1a. Coordinador de la divisi\u00f3n iberoamericana del International Brethren Conference of Mission (IBCM).\n<img loading=\"lazy\" decoding=\"async\" src=\"https:\/\/www.bibliayteologiahoy.com\/wp-content\/uploads\/Raul_Lopez-150x150.jpg\" width=\"150\" height=\"150\" title=\" Ra\u00fal L\u00f3pez\" alt=\"Coordinador y editor de Biblia y Teolog\u00eda Hoy Estudia \u2013 Doctor of Philosophy (Ph.D) Ecclesiology en Midwestern Baptist Theological Seminary (MBTS) Doctor of Ministry in leadership and Spiritual formation en MBTS. M\u00e1ster en Teolog\u00eda (ThM) por el MBTS. M\u00e1ster en estudios teol\u00f3gicos por el Southwestern Baptist Thelogical Seminary. Graduado de Administraci\u00f3n y Direcci\u00f3n de Empresas por la Universitat Oberta de Catalunya. Diplomatura de Ciencias Empresariales por la UOC. Director de producci\u00f3n editorial y financiero de Libsa SA. Colabora como profesor adjunto en el doctorado de MBTS. Asesor de Instituciones Acad\u00e9micas de Teolog\u00eda en Editorial CLIE.\" srcset=\"https:\/\/www.bibliayteologiahoy.com\/wp-content\/uploads\/Raul_Lopez-150x150.jpg 150w, https:\/\/www.bibliayteologiahoy.com\/wp-content\/uploads\/Raul_Lopez-300x300.jpg 300w, https:\/\/www.bibliayteologiahoy.com\/wp-content\/uploads\/Raul_Lopez.jpg 464w\" sizes=\"auto, (max-width: 150px) 100vw, 150px\" \/> <h3> Ra\u00fal L\u00f3pez <\/h3> Coordinador y editor de Biblia y Teolog\u00eda Hoy Estudia \u2013 Doctor of Philosophy (Ph.D) Ecclesiology en Midwestern Baptist Theological Seminary (MBTS) Doctor of Ministry in leadership and Spiritual formation en MBTS. M\u00e1ster en Teolog\u00eda (ThM) por el MBTS. M\u00e1ster en estudios teol\u00f3gicos por el Southwestern Baptist Thelogical Seminary. Graduado de Administraci\u00f3n y Direcci\u00f3n de Empresas por la Universitat Oberta de Catalunya. Diplomatura de Ciencias Empresariales por la UOC. Director de producci\u00f3n editorial y financiero de Libsa SA. Colabora como profesor adjunto en el doctorado de MBTS. Asesor de Instituciones Acad\u00e9micas de Teolog\u00eda en Editorial CLIE.\n<img loading=\"lazy\" decoding=\"async\" src=\"https:\/\/www.bibliayteologiahoy.com\/wp-content\/uploads\/2022\/09\/Elizabeth-Salazar-150x150.jpg\" width=\"150\" height=\"150\" title=\"Elizabeth Salazar Sanzana\" alt=\"Doctora y Master en Ciencias de la Religi\u00f3n, \u00e1rea Teolog\u00eda e Historia por la Universidad Metodista de Sao Paulo, Brasil. Docente de Teolog\u00eda en la Facultad Evang\u00e9lica de Teolog\u00eda de la CTE \u2013 Chile, Programa de Post Grado de Semisud-Lee University, FIET Argentina. Estudios en Pedagog\u00eda, Asesora de la Oficina Nacional de Asuntos Religiosos de Chile. Ha sido parte de diversas comisiones teol\u00f3gicas y ha publicado en ingl\u00e9s, portugu\u00e9s y principalmente en espa\u00f1ol.\" srcset=\"https:\/\/www.bibliayteologiahoy.com\/wp-content\/uploads\/2022\/09\/Elizabeth-Salazar-150x150.jpg 150w, https:\/\/www.bibliayteologiahoy.com\/wp-content\/uploads\/2022\/09\/Elizabeth-Salazar.jpg 250w\" sizes=\"auto, (max-width: 150px) 100vw, 150px\" \/> <h3> Elizabeth Salazar Sanzana <\/h3> Doctora y Master en Ciencias de la Religi\u00f3n, \u00e1rea Teolog\u00eda e Historia por la Universidad Metodista de Sao Paulo, Brasil. Docente de Teolog\u00eda en la Facultad Evang\u00e9lica de Teolog\u00eda de la CTE \u2013 Chile, Programa de Post Grado de Semisud-Lee University, FIET Argentina. Estudios en Pedagog\u00eda, Asesora de la Oficina Nacional de Asuntos Religiosos de Chile. Ha sido parte de diversas comisiones teol\u00f3gicas y ha publicado en ingl\u00e9s, portugu\u00e9s y principalmente en espa\u00f1ol.\n<img loading=\"lazy\" decoding=\"async\" src=\"https:\/\/www.bibliayteologiahoy.com\/wp-content\/uploads\/Lidia_Rodriguez-150x159.jpg\" width=\"150\" height=\"159\" title=\"Lidia Rodr\u00edguez Fern\u00e1ndez\" alt=\"Licenciada en Literatura Espa\u00f1ola por la universidad de Valencia (1991) y Doctora en Teolog\u00eda B\u00edblica por la Universidad de Deusto (2015). Ha ejercido como ministra bautista de 1998 a 2015 en la Comunidad Cristiana Evang\u00e9lica de Santutxu (Bilbao) y como docente en la Facultad de Teolog\u00eda Protestante (UEBE) de 2015 a 2020. Desde 2006 es profesora de la Facultad de Teolog\u00eda y de Educaci\u00f3n y Deporte de la Universidad de Deusto. Es miembro de la Asociaci\u00f3n B\u00edblica Espa\u00f1ola (ABE), la Asociaci\u00f3n de Te\u00f3logas de Espa\u00f1a (ATE) y de la European Society for Intercultural Theology and Interreligious Studies (ESITIS).\" srcset=\"https:\/\/www.bibliayteologiahoy.com\/wp-content\/uploads\/Lidia_Rodriguez-150x159.jpg 150w, https:\/\/www.bibliayteologiahoy.com\/wp-content\/uploads\/Lidia_Rodriguez-283x300.jpg 283w, https:\/\/www.bibliayteologiahoy.com\/wp-content\/uploads\/Lidia_Rodriguez.jpg 481w\" sizes=\"auto, (max-width: 150px) 100vw, 150px\" \/> <h3> Lidia Rodr\u00edguez Fern\u00e1ndez <\/h3> Licenciada en Literatura Espa\u00f1ola por la universidad de Valencia (1991) y Doctora en Teolog\u00eda B\u00edblica por la Universidad de Deusto (2015). Ha ejercido como ministra bautista de 1998 a 2015 en la Comunidad Cristiana Evang\u00e9lica de Santutxu (Bilbao) y como docente en la Facultad de Teolog\u00eda Protestante (UEBE) de 2015 a 2020. Desde 2006 es profesora de la Facultad de Teolog\u00eda y de Educaci\u00f3n y Deporte de la Universidad de Deusto. Es miembro de la Asociaci\u00f3n B\u00edblica Espa\u00f1ola (ABE), la Asociaci\u00f3n de Te\u00f3logas de Espa\u00f1a (ATE) y de la European Society for Intercultural Theology and Interreligious Studies (ESITIS).\n<h2>Respaldada por<\/h2>\n<img loading=\"lazy\" decoding=\"async\" src=\"https:\/\/www.bibliayteologiahoy.com\/wp-content\/uploads\/2021\/12\/biblica-300x200.jpg\" width=\"300\" height=\"200\" title=\"biblica\" alt=\"biblica\">\n<img loading=\"lazy\" decoding=\"async\" src=\"https:\/\/www.bibliayteologiahoy.com\/wp-content\/uploads\/2021\/12\/worldvision-300x200.jpg\" width=\"300\" height=\"200\" title=\"worldvision\" alt=\"worldvision\">\n<img loading=\"lazy\" decoding=\"async\" src=\"https:\/\/www.bibliayteologiahoy.com\/wp-content\/uploads\/2021\/12\/sbu-300x200.jpg\" width=\"300\" height=\"200\" title=\"sbu\" alt=\"sbu\">\n<img decoding=\"async\" src=\"https:\/\/www.bibliayteologiahoy.com\/wp-content\/uploads\/2022\/01\/vida-logo-black-1.png\" title=\"vida logo black (1)\" alt=\"vida logo black (1)\" srcset=\"https:\/\/www.bibliayteologiahoy.com\/wp-content\/uploads\/2022\/01\/vida-logo-black-1.png 514w, https:\/\/www.bibliayteologiahoy.com\/wp-content\/uploads\/2022\/01\/vida-logo-black-1-300x141.png 300w\" sizes=\"(max-width: 514px) 100vw, 514px\" \/>\n<img loading=\"lazy\" decoding=\"async\" src=\"https:\/\/www.bibliayteologiahoy.com\/wp-content\/uploads\/2021\/12\/biblicavirtual2-300x200.jpg\" width=\"300\" height=\"200\" title=\"biblicavirtual2\" alt=\"biblicavirtual2\">\n<img loading=\"lazy\" decoding=\"async\" src=\"https:\/\/www.bibliayteologiahoy.com\/wp-content\/uploads\/2022\/09\/AlefUniversity-300x108.jpg\" width=\"300\" height=\"108\" title=\"AlefUniversity\" alt=\"AlefUniversity\" srcset=\"https:\/\/www.bibliayteologiahoy.com\/wp-content\/uploads\/2022\/09\/AlefUniversity-300x108.jpg 300w, https:\/\/www.bibliayteologiahoy.com\/wp-content\/uploads\/2022\/09\/AlefUniversity.jpg 634w\" sizes=\"auto, (max-width: 300px) 100vw, 300px\" \/>\n<img loading=\"lazy\" decoding=\"async\" src=\"https:\/\/www.bibliayteologiahoy.com\/wp-content\/uploads\/2021\/12\/consela3-300x200.jpg\" width=\"300\" height=\"200\" title=\"consela3\" alt=\"consela3\">\n<h3>En todos los formatos.<\/h3> <p><em>Biblia y Teolog\u00eda Hoy<\/em> se presenta en varios formatos: edici\u00f3n f\u00edsica, edici\u00f3n digital, art\u00edculos unitarios y en enlaces de proveedores externos. Descubra m\u00e1s sobre estos formatos y c\u00f3mo adquirirlos.<\/p>\n<a href=\"https:\/\/www.bibliayteologiahoy.com\/?page_id=469\" > M\u00e1s Informaci\u00f3n <\/a>\n<img loading=\"lazy\" decoding=\"async\" src=\"https:\/\/www.bibliayteologiahoy.com\/wp-content\/uploads\/BTYH-banner--789x476.png\" width=\"789\" height=\"476\" title=\"BTYH-banner-\" alt=\"BTYH-banner-\" srcset=\"https:\/\/www.bibliayteologiahoy.com\/wp-content\/uploads\/BTYH-banner--789x476.png 789w, https:\/\/www.bibliayteologiahoy.com\/wp-content\/uploads\/BTYH-banner--300x181.png 300w, https:\/\/www.bibliayteologiahoy.com\/wp-content\/uploads\/BTYH-banner--768x464.png 768w, https:\/\/www.bibliayteologiahoy.com\/wp-content\/uploads\/BTYH-banner-.png 884w\" sizes=\"auto, (max-width: 789px) 100vw, 789px\" \/>\n<h1>\u00daltimo n\u00famero<br\/><\/h1>\n<a href=\"https:\/\/www.bibliayteologiahoy.com\/?page_id=1386\" > Conocer m\u00e1s <\/a>\n<h3 style=\"text-align: center;\">Publicaci\u00f3n digital<\/h3>\n<a href=\"https:\/\/www.bibliayteologiahoy.com\/?page_id=465&#038;lid=4\" > comprar <\/a>\n<h3>Suscripci\u00f3n anual<\/h3>\n<a href=\"https:\/\/www.bibliayteologiahoy.com\/?page_id=469\" > comprar <\/a><!--\/themify_builder_static-->\n","protected":false},"excerpt":{"rendered":"","protected":false},"author":757,"featured_media":0,"parent":0,"menu_order":0,"comment_status":"closed","ping_status":"closed","template":"","meta":{"footnotes":""},"class_list":["post-157","page","type-page","status-publish","hentry","has-post-title","has-post-date","has-post-category","has-post-tag","has-post-comment","has-post-author",""],"_links":{"self":[{"href":"https:\/\/www.bibliayteologiahoy.com\/index.php?rest_route=\/wp\/v2\/pages\/157","targetHints":{"allow":["GET"]}}],"collection":[{"href":"https:\/\/www.bibliayteologiahoy.com\/index.php?rest_route=\/wp\/v2\/pages"}],"about":[{"href":"https:\/\/www.bibliayteologiahoy.com\/index.php?rest_route=\/wp\/v2\/types\/page"}],"author":[{"embeddable":true,"href":"https:\/\/www.bibliayteologiahoy.com\/index.php?rest_route=\/wp\/v2\/users\/757"}],"replies":[{"embeddable":true,"href":"https:\/\/www.bibliayteologiahoy.com\/index.php?rest_route=%2Fwp%2Fv2%2Fcomments&post=157"}],"version-history":[{"count":301,"href":"https:\/\/www.bibliayteologiahoy.com\/index.php?rest_route=\/wp\/v2\/pages\/157\/revisions"}],"predecessor-version":[{"id":2248,"href":"https:\/\/www.bibliayteologiahoy.com\/index.php?rest_route=\/wp\/v2\/pages\/157\/revisions\/2248"}],"wp:attachment":[{"href":"https:\/\/www.bibliayteologiahoy.com\/index.php?rest_route=%2Fwp%2Fv2%2Fmedia&parent=157"}],"curies":[{"name":"wp","href":"https:\/\/api.w.org\/{rel}","templated":true}]}}